33, -3*d + 41 = -5*r. Let g(m) = 5*m + 1 - 2 - m**2 + 3. Determine g(d).
-12
Let p = -2 - 2. Let t(b) be the third derivative of 0*b + 0 + 1/120*b**6 + 1/15*b**5 + 1/6*b**3 - 1/8*b**4 - 13*b**2. Determine t(p).
13
Let p(x) be the first derivative of x**4/4 - 4*x**3/3 + x**2/2 + 4*x - 163. Give p(3).
-2
Let u be (-8 - -3) + 10/(8 - 6). Let m(b) = b**2 + 2*b - 18. What is m(u)?
-18
Let h(w) = w**3 + 6*w**2 + 5*w - 7. Let v be (5*(-1)/(-2))/(9/(-18)). Give h(v).
-7
Suppose s = 3*g + 188, -2*s - 2*s + 2*g = -752. Let o(b) = -94 + s - b - 97. Calculate o(-4).
1
Let k(b) = -4*b**2 - 9 + 65*b + 2*b**2 - 44*b. Let g be k(10). Let w(f) = -13*f**3 - 2*f + 1. Give w(g).
-14
Suppose x + 10 = 3*a - 4*a, 12 = 6*x. Let s(d) = -d**2 - 12*d + 17. Give s(a).
17
Let y(u) be the first derivative of 5/3*u**3 + 3 + 1/360*u**6 - 5/24*u**4 + 1/30*u**5 + 0*u + 0*u**2. Let s(x) be the third derivative of y(x). Give s(-5).
0
Suppose -z = -4*j - 1124, -5*j - 206 + 1339 = z. Let g be (-2)/(-15) - z/360. Let f(n) = n**3 + 2*n**2 - 4*n - 2. Calculate f(g).
1
Let l(x) = -33*x - 13*x - 3 + 50*x. Give l(-3).
-15
Let u(n) = -4*n - 3 - 3*n + 8 + 0 + 4*n. Determine u(-5).
20
Let o(y) = 23*y - 15*y + 3 + 3*y**3 - 4*y**3 - 12*y + 4*y**2. Give o(3).
0
Let g be (-73)/1752 - (0 - (-3)/(-8)). Let v(t) be the second derivative of g*t**3 + 0 + 1/20*t**5 + 0*t**2 - 1/6*t**4 - 4*t. What is v(2)?
4
Let m(c) be the second derivative of c**5/20 - 5*c**4/6 - 2*c**3 + 5*c**2/2 + 102*c. Calculate m(11).
-6
Let b(d) = -d**3 - 5*d**2 + 6*d - 4. Suppose -6*x = -3*x + 6. Let g = -7 + 3. Let v = g + x. Determine b(v).
-4
Let q = -1682 - -1685. Let r(p) = p**3 - 2*p**2 - 2*p + 3. Give r(q).
6
Let f(w) be the second derivative of w**3 + 38*w - 1/12*w**4 + 0 - 5/2*w**2. Give f(6).
-5
Let g(p) = -2*p + 88. Let m(d) = -d + 44. Let r(s) = -6*g(s) + 13*m(s). Calculate r(0).
44
Let p be 4/((-12)/15) - (5 - 2) - -12. Let c(l) = l**2 + 3*l - 3 - 5*l - l. Give c(p).
1
Let r be ((-10)/(-25))/(2/20). Let n(i) = -2*i - 2. Suppose -3*x - 14 + 29 = 0. Let l(z) = -2*z - 3. Let c(t) = x*l(t) - 6*n(t). Give c(r).
5
Let d(l) = l**2 - 8*l. Let h = 233 - 227. Determine d(h).
-12
Suppose 3*y - 10 = c + 5, y - 16 = 4*c. Let k(w) = 10*w + 3. Give k(y).
43
Let p(j) = 17 - 7*j - 8*j**2 + 2*j**2 + 5*j**2 - 9 + 0*j. Give p(-6).
14
Let s(j) = -2*j**2 + 4*j + 1. Suppose -5*g = -10, g = 4*i - 3*i - 4. Let l(r) = 3*r**2 - 5*r - 1. Let d(n) = i*s(n) + 5*l(n). What is d(2)?
11
Let s be (-2)/(-3)*-3 + 4. Let t(d) be the third derivative of -d**6/120 + d**5/30 - d**4/8 + d**3/3 - d**2. Give t(s).
-4
Let k be (-13 - -13)/(1 + -3). Let n(s) = -s**3 + s - 10. Give n(k).
-10
Let l(j) be the second derivative of -j**5/10 - j**4/12 + j**3/3 - j**2/2 - 134*j. What is l(1)?
-2
Let n(a) = 31651*a + 0 + 1 - 31655*a. Determine n(-10).
41
Let m(y) = 2*y + 0*y + y**2 + 7*y**3 + 5*y**3 - 21*y**3 + 8*y**3. Calculate m(3).
-12
Suppose -10 = -4*b + 2. Let s(w) = 0*w - 2 + w**2 + 2*w - w**3 - 3*w**2 + 4*w**2. Determine s(b).
-5
Let c be (11/11)/(3/36). Let r(k) = -k**2 + 14*k - 18. Give r(c).
6
Let j be 0 + -1 + (-12)/(-3). Let h(n) = 8 + 3*n**3 - j*n**2 - 7*n - 2*n**3 - 2*n**2 - 3. Suppose 4*d = -5*t + 29, -t = 4*d - 23 - 2. What is h(d)?
-1
Suppose -7*v = -9 - 19. Suppose v*r + 4*d - 32 = 0, 5*r - 22 = -0*r + d. Let h(q) = 6*q**2 - 4*q**3 + 5*q**3 - 2*q**3 - 1 - 5*q. Calculate h(r).
-1
Let f(q) = -2*q + 6. Suppose 3*n - 2 + 6 = 2*h, -5*h + 10 = -4*n. Suppose g = -0*g + h. Suppose g*u + 12 = x, -2*x - 8 = -3*x + u. Determine f(x).
-2
Let x(r) = 3 - 2*r + 1 - 3 - 2*r**2. Suppose 4*d = -2*g + 64, 2*d = -3*d. Let o = g - 31. What is x(o)?
-3
Let v(t) = 2*t + 10 - 2*t - 5*t + t + 0*t. Give v(5).
-10
Suppose 20 = 4*w + 2*n, -4*w + n + 20 = -0*w. Let k = w - 5. Suppose z - 4*z = k. Let c(q) = q**2 + 9. Determine c(z).
9
Let s = -32 - -46. Suppose -3*l = -5*l + 4*d - 16, d - 9 = -2*l. Let n(b) = -b - b**3 - 14*b**2 - 10 + s*b**l. Calculate n(0).
-10
Let g = 282 - 138. Let t = g + -151. Let r(p) = -p - 7. Calculate r(t).
0
Let u(l) = -l + 12. Let q be u(10). Suppose -3*d = -c + 20, d - q*d = c. Let f(k) = -k + 2. What is f(c)?
-3
Let b(m) be the third derivative of -m**6/120 + m**5/12 - 5*m**4/24 + m**3/3 - 321*m**2 + 2*m. Give b(5).
-23
Let r(b) be the third derivative of b**7/2520 + b**6/120 + b**4/8 + 10*b**2. Let o(s) be the second derivative of r(s). Determine o(-3).
-9
Let y(r) be the second derivative of -r**4/12 + 4*r**3/3 + 4*r**2 + r. Let p(a) = -a**2 - 35*a - 26. Let f be p(-34). What is y(f)?
8
Let x(q) = q**3 + 4*q**2 + 5. Let u be x(-4). Suppose -5*t = 4*r - t - 28, u*r - 15 = -t. Let b be (-2)/7 + r/7. Let i(h) = h**3 + h**2 + h + 7. Determine i(b).
7
Let i(q) = 5*q**2 - q - 1. Let u = 153 - 151. Determine i(u).
17
Let u(m) = -m**2 - 8*m - 5. Let x = -2 - 5. Let z be u(x). Suppose 2*q + 3 = 3*i + 2, 0 = -2*i + z*q. Let v(s) = 12*s. Give v(i).
12
Let w = 6 + -4. Let r(p) = -5 + 177*p**w - 176*p**2 + 3 + 5*p. Give r(-4).
-6
Let z(u) = 1 + 5*u - u - u**3 + u - 3*u**2. Let m = -300 + 296. Determine z(m).
-3
Let u(v) = -9*v**2 - 2*v - 1. Suppose 0 = 4*k - 9 - 103. Suppose 0 = -0*n - 4*n + k. Suppose 3*m = a - n, -5*m + a = -m + 8. Give u(m).
-8
Suppose -15*t = -11*t - 28. Let v(h) be the third derivative of 1/3*h**4 + 1/120*h**6 - 4/3*h**3 - 2/15*h**5 + 0*h + 0 - 2*h**2. What is v(t)?
-1
Let v(i) = 3*i - 8. Let p(r) = 2*r - 4. Let u(z) = 5*p(z) - 3*v(z). What is u(-9)?
-5
Let x = -5 + 9. Suppose 0 = -x*o + 3*o + 1. Let j(w) = o - 1 - 7 - 2 + 2*w. Determine j(7).
5
Let a(v) = 3*v**2 + v - 2. Let b be (111/(-148))/(3/(-8)). Determine a(b).
12
Suppose -5*j - x = -1, 3*j + 6*x = 10*x - 4. Let v(p) = -p**3 - 2*p - 5. Calculate v(j).
-5
Let u(n) = 2*n + n + 2 - 5. Let c(i) = -i**3 - 5*i**2 - i + 3. Let y be c(-4). Let k be 14/6 - (-3)/y. Calculate u(k).
3
Let z be (-18 - -11) + (3/1 - 1). Let h(b) = -3*b + 4. Determine h(z).
19
Let u(x) = 6*x**3 + 28*x**2 - 28*x + 91. Let k(z) = -z**3 - 6*z**2 + 6*z - 18. Let q(o) = -11*k(o) - 2*u(o). Determine q(9).
7
Let k(x) be the second derivative of x**3/6 + 9*x**2/2 + 13*x + 9. Calculate k(-10).
-1
Let x(d) be the second derivative of -1/20*d**5 + 0 + 1/2*d**2 - 1/4*d**4 + 15*d + 0*d**3. Let q be (-24)/10 + 4/10. Calculate x(q).
-3
Let b be (-4)/(6 - (-140)/(-21)). Let o(f) = 4*f + 7. What is o(b)?
31
Let d(x) = -16*x + 14. Let h(s) = 19*s - 13. Let u(q) = -7*d(q) - 6*h(q). Calculate u(-13).
6
Let b(i) = -i**2 - 6*i + 2. Let m(u) = 44*u - 183. Let k be m(4). Determine b(k).
-5
Let j(k) = -k + 6. Suppose -3*f + 14*f = 44. Suppose 28 = 3*p + f. What is j(p)?
-2
Let g(d) = 14*d**2 + 9*d - 5. Suppose v = 3*n - 9, n + 15 = -3*v - 2*n. Let u(w) = 5*w**2 + 3*w - 2. Let k(h) = v*g(h) + 17*u(h). Calculate k(3).
-4
Let y(q) = -q**3 - 6*q**2 - 3*q - 5. Suppose 97 = -11*a + 31. Determine y(a).
13
Let r = -6 + 9. Suppose -2*w + w - r = 0. Let p(q) = 3*q**2 - 58*q - 8. Let x(l) = -7*l**2 + 127*l + 18. Let n(m) = -11*p(m) - 5*x(m). Give n(w).
7
Let p be ((-6)/(-18))/(1/9). Suppose -8 = p*x - 5*x. Let i(w) = -w**2 + 1 - 4*w + 3 - x - 2. Determine i(-3).
1
Let v(i) = -i**3 - 2*i**2 + 3*i. Suppose 0 = -43*l - 145 + 16. Give v(l).
0
Let m(w) = w**2 - 8*w + 2. Let h(b) = 2. Let z(l) = l - 5. Let v(u) = 7*h(u) + 4*z(u). Let q(x) = x + 10. Let t be q(-7). Let a be v(t). Determine m(a).
-10
Let y(d) = -2*d**3 - 17*d**2 + 3*d - 6. Let q(o) = o**3 + 9*o**2 - 2*o + 3. Let r = -8 - -2. Let i(v) = r*y(v) - 11*q(v). Let s be -4*(2/4 - 0). Give i(s).
-1
Let y(h) = -19*h**3 + 8*h**2 - 16*h + 6. Let t(z) = -22*z**3 + 8*z**2 - 17*z + 6. Let v(g) = 6*t(g) - 7*y(g). What is v(6)?
-18
Let q(l) = -l - 5. Suppose 0 = 2*k - 9 + 7. Let a be 3 + (-3 + k - -2). Let b be (a - 3)*-1 + -3. Calculate q(b).
-2
Let v be (2/6)/((-1)/(-6)). Suppose 7*l - 10 = v*l. Let j(b) = 3*b**3 + 7*b**2 - 5*b + 1. Let k(n) = n**3 + n**2 - n. Let p(s) = j(s) - 6*k(s). Give p(l).
-17
Let z(o) be the third derivative of o**5/60 + 5*o**4/12 + 13*o**3/6 - 303*o**2. Give z(-9).
4
Let k(s) = 62*s - 126. Let h be k(2). Let p(y) = y**2 + 4*y - 3. Let q(o) = -3*o**2 - 11*o + 8. Let v(t) = -11*p(t) - 4*q(t). Give v(h).
5
Let d(p) = -p**2 + 8*p. Suppose 5*c + 5*a = a + 114, 5*c = 4*a + 146. Suppose 2*f = 4*y - c, y + 2*f + 1 = 10. Calculate d(y).
7
Let u(s) = -12*s**2 - 9*s + 9. Let y(